{"id":1926,"date":"2025-04-01T09:52:25","date_gmt":"2025-04-01T09:52:25","guid":{"rendered":"https:\/\/wheelsrecycle.com\/?page_id=1926"},"modified":"2025-07-01T09:59:42","modified_gmt":"2025-07-01T09:59:42","slug":"angajam-operator-productie","status":"publish","type":"page","link":"https:\/\/wheelsrecycle.com\/index.php\/angajam-operator-productie\/","title":{"rendered":"Angajam Operator Productie"},"content":{"rendered":"<p data-start=\"145\" data-end=\"291\"><em data-start=\"145\" data-end=\"168\">Wheels Recycle S.R.L.<\/em> angajeaz\u0103 <strong data-start=\"179\" data-end=\"201\">Operator Produc\u021bie<\/strong>, cu sau f\u0103r\u0103 experien\u021b\u0103!<br data-start=\"226\" data-end=\"229\" \/>C\u0103ut\u0103m o persoan\u0103 serioas\u0103, responsabil\u0103 \u0219i dornic\u0103 s\u0103 \u00eenve\u021be.<\/p>\n<h3 data-start=\"293\" data-end=\"307\">\u2705 Cerin\u021be:<\/h3>\n<ul data-start=\"308\" data-end=\"442\">\n<li data-start=\"308\" data-end=\"368\">\n<p data-start=\"310\" data-end=\"368\">Cuno\u0219tin\u021be minime (nu este necesar\u0103 experien\u021ba anterioar\u0103)<\/p>\n<\/li>\n<li data-start=\"369\" data-end=\"399\">\n<p data-start=\"371\" data-end=\"399\">Seriozitate \u0219i punctualitate<\/p>\n<\/li>\n<li data-start=\"400\" data-end=\"442\">\n<p data-start=\"402\" data-end=\"442\">Dorin\u021b\u0103 de munc\u0103 stabil\u0103, pe termen lung<\/p>\n<\/li>\n<\/ul>\n<h3 data-start=\"444\" data-end=\"459\">\ud83d\udd52 Program:<\/h3>\n<ul data-start=\"460\" data-end=\"517\">\n<li data-start=\"460\" data-end=\"491\">\n<p data-start=\"462\" data-end=\"491\"><strong data-start=\"462\" data-end=\"479\">Luni \u2013 Vineri<\/strong>, 8 ore\/zi<\/p>\n<\/li>\n<li data-start=\"492\" data-end=\"517\">\n<p data-start=\"494\" data-end=\"517\"><strong data-start=\"494\" data-end=\"517\">Weekendurile libere<\/strong><\/p>\n<\/li>\n<\/ul>\n<h3 data-start=\"519\" data-end=\"533\">\ud83d\udcb0 Oferim:<\/h3>\n<ul data-start=\"534\" data-end=\"681\">\n<li data-start=\"534\" data-end=\"561\">\n<p data-start=\"536\" data-end=\"561\"><strong data-start=\"536\" data-end=\"561\">Salariu net: 3200 lei<\/strong><\/p>\n<\/li>\n<li data-start=\"562\" data-end=\"605\">\n<p data-start=\"564\" data-end=\"605\">Contract de munc\u0103 pe durat\u0103 nedeterminat\u0103<\/p>\n<\/li>\n<li data-start=\"606\" data-end=\"651\">\n<p data-start=\"608\" data-end=\"651\">Mediu de lucru stabil \u0219i colectiv prietenos<\/p>\n<\/li>\n<li data-start=\"652\" data-end=\"681\">\n<p data-start=\"654\" data-end=\"681\">Instruire la locul de munc\u0103<\/p>\n<\/li>\n<\/ul>\n<p data-start=\"683\" data-end=\"838\">\ud83d\udccd Loca\u021bie: Livezeni (Masini de Calcul)<br data-start=\"730\" data-end=\"733\" \/>\ud83d\udcde Pentru detalii \u0219i programare la interviu: 0756 770 289<br data-start=\"790\" data-end=\"793\" \/>\ud83d\udce7 Sau trimite CV la: <a class=\"cursor-pointer\" rel=\"noopener\" data-start=\"815\" data-end=\"838\">wheelsrecycle@gmail.com<\/a><\/p>\n","protected":false},"excerpt":{"rendered":"<p>Wheels Recycle S.R.L. angajeaz\u0103 Operator Produc\u021bie, cu sau f\u0103r\u0103 experien\u021b\u0103!C\u0103ut\u0103m o persoan\u0103 serioas\u0103, responsabil\u0103 \u0219i dornic\u0103 s\u0103 \u00eenve\u021be. \u2705 Cerin\u021be: Cuno\u0219tin\u021be minime (nu este necesar\u0103 experien\u021ba anterioar\u0103) Seriozitate \u0219i punctualitate Dorin\u021b\u0103 de munc\u0103 stabil\u0103, pe termen lung \ud83d\udd52 Program: Luni \u2013 Vineri, 8 ore\/zi Weekendurile libere \ud83d\udcb0 Oferim: Salariu net: 3200 lei Contract [&hellip;]<\/p>\n","protected":false},"author":1,"featured_media":0,"parent":0,"menu_order":0,"comment_status":"closed","ping_status":"closed","template":"","meta":{"footnotes":""},"class_list":["post-1926","page","type-page","status-publish","hentry"],"_links":{"self":[{"href":"https:\/\/wheelsrecycle.com\/index.php\/wp-json\/wp\/v2\/pages\/1926","targetHints":{"allow":["GET"]}}],"collection":[{"href":"https:\/\/wheelsrecycle.com\/index.php\/wp-json\/wp\/v2\/pages"}],"about":[{"href":"https:\/\/wheelsrecycle.com\/index.php\/wp-json\/wp\/v2\/types\/page"}],"author":[{"embeddable":true,"href":"https:\/\/wheelsrecycle.com\/index.php\/wp-json\/wp\/v2\/users\/1"}],"replies":[{"embeddable":true,"href":"https:\/\/wheelsrecycle.com\/index.php\/wp-json\/wp\/v2\/comments?post=1926"}],"version-history":[{"count":1,"href":"https:\/\/wheelsrecycle.com\/index.php\/wp-json\/wp\/v2\/pages\/1926\/revisions"}],"predecessor-version":[{"id":1927,"href":"https:\/\/wheelsrecycle.com\/index.php\/wp-json\/wp\/v2\/pages\/1926\/revisions\/1927"}],"wp:attachment":[{"href":"https:\/\/wheelsrecycle.com\/index.php\/wp-json\/wp\/v2\/media?parent=1926"}],"curies":[{"name":"wp","href":"https:\/\/api.w.org\/{rel}","templated":true}]}}